te the greatest common divisor of 5019 and 231.
21
Calculate the greatest common factor of 525 and 4305.
105
Calculate the greatest common divisor of 27 and 2547.
9
What is the greatest common factor of 87 and 696?
87
Calculate the greatest common divisor of 208 and 16.
16
Calculate the greatest common divisor of 14 and 742.
14
Calculate the greatest common divisor of 19099 and 71.
71
What is the highest common divisor of 1288 and 2737?
161
What is the highest common factor of 507 and 78?
39
Calculate the greatest common divisor of 2871 and 2088.
261
What is the highest common factor of 1806 and 1428?
42
What is the highest common divisor of 60 and 12?
12
What is the highest common divisor of 32 and 3424?
32
What is the greatest common divisor of 391 and 23?
23
What is the greatest common factor of 738 and 54?
18
What is the greatest common factor of 205 and 5?
5
Calculate the highest common factor of 161 and 460.
23
Calculate the highest common factor of 300 and 180.
60
What is the highest common divisor of 39 and 36?
3
What is the greatest common divisor of 420 and 182?
14
What is the greatest common divisor of 5406 and 816?
102
What is the greatest common factor of 120 and 740?
20
Calculate the highest common divisor of 10 and 25.
5
Calculate the greatest common divisor of 195 and 126.
3
Calculate the greatest common factor of 1024 and 64.
64
What is the highest common divisor of 309 and 90228?
309
What is the highest common divisor of 21 and 11?
1
Calculate the highest common factor of 1140 and 120.
60
What is the greatest common divisor of 590 and 30?
10
What is the greatest common factor of 133 and 3553?
19
What is the greatest common divisor of 240 and 15?
15
Calculate the greatest common factor of 186 and 1644.
6
What is the highest common divisor of 1155 and 3990?
105
Calculate the highest common divisor of 480 and 60.
60
Calculate the greatest common factor of 466 and 2.
2
Calculate the greatest common factor of 370 and 814.
74
What is the greatest common divisor of 567 and 343?
7
Calculate the highest common divisor of 8 and 70.
2
Calculate the greatest common factor of 574 and 112.
14
What is the greatest common factor of 5143 and 74?
37
What is the highest common factor of 60 and 100?
20
Calculate the greatest common factor of 2168 and 16.
8
Calculate the highest common divisor of 144 and 192.
48
Calculate the highest common divisor of 108 and 81.
27
What is the highest common factor of 240 and 1005?
15
What is the greatest common divisor of 1869 and 14?
7
What is the highest common factor of 387 and 81?
9
Calculate the highest common factor of 74 and 962.
74
What is the highest common divisor of 1467 and 36?
9
Calculate the highest common factor of 870 and 40.
10
What is the greatest common factor of 91 and 9373?
91
What is the greatest common factor of 3139 and 73?
73
Calculate the greatest common factor of 4794 and 188.
94
Calculate the highest common factor of 1887 and 37.
37
What is the highest common factor of 10773 and 315?
63
Calculate the highest common factor of 972 and 18.
18
Calculate the highest common divisor of 483 and 3726.
69
What is the greatest common divisor of 29 and 6?
1
Calculate the greatest common factor of 8 and 4.
4
What is the highest common divisor of 72 and 468?
36
Calculate the greatest common divisor of 2009 and 98.
49
Calculate the highest common divisor of 66 and 94182.
66
Calculate the greatest common factor of 2096 and 8.
8
What is the greatest common factor of 32107 and 194?
97
Calculate the greatest common factor of 1807 and 2363.
139
What is the highest common factor of 1920 and 60?
60
What is the greatest common factor of 87 and 783?
87
Calculate the highest common factor of 11666 and 38.
38
What is the highest common factor of 7 and 14?
7
Calculate the highest common divisor of 58509 and 297.
297
What is the greatest common divisor of 52 and 1222?
26
Calculate the greatest common factor of 88 and 121.
11
What is the highest common factor of 2651 and 352?
11
Calculate the greatest common factor of 4 and 154.
2
What is the highest common factor of 3 and 3?
3
Calculate the highest common factor of 25 and 6.
1
What is the greatest common divisor of 22410 and 332?
166
What is the greatest common factor of 9 and 21?
3
What is the highest common divisor of 76 and 38?
38
What is the highest common divisor of 1836 and 136?
68
What is the highest common divisor of 765 and 720?
45
Calculate the greatest common factor of 49 and 4.
1
Calculate the highest common factor of 468 and 72.
36
Calculate the greatest common factor of 675 and 18.
9
What is the highest common divisor of 100 and 650?
50
Calculate the highest common factor of 1380 and 60.
60
Calculate the greatest common factor of 18 and 762.
6
Calculate the greatest common divisor of 9 and 8.
1
What is the greatest common factor of 598 and 322?
46
Calculate the greatest common divisor of 1780 and 20.
20
Calculate the highest common divisor of 4477 and 74.
37
What is the highest common factor of 8350 and 100?
50
What is the greatest common divisor of 77 and 343?
7
Calculate the highest common divisor of 180 and 1035.
45
Calculate the highest common divisor of 608 and 38.
38
What is the greatest common divisor of 4114 and 136?
34
Calculate the greatest common divisor of 750 and 6.
6
What is the greatest common divisor of 232 and 1189?
29
Calculate the greatest common factor of 6517 and 19.
19
Calculate the highest common divisor of 7150 and 3146.
286
Calculate the highest common divisor of 621 and 27.
27
Calculate the greatest common factor of 300 and 372.
12
What is the greatest common divisor of 23 and 39077?
23
Calculate the greatest common divisor of 109 and 1744.
109
What is the highest common divisor of 1457 and 47?
47
What is the greatest common divisor of 621 and 378?
27
Calculate the greatest common divisor of 3156 and 12.
12
Calculate the greatest common divisor of 72 and 492.
12
What is the greatest common factor of 180 and 288?
36
Calculate the greatest common factor of 69 and 2139.
69
Calculate the highest common factor of 14 and 8582.
14
What is the highest common factor of 6 and 7410?
6
What is the highest common factor of 60242 and 14?
14
What is the greatest common divisor of 3078 and 38?
38
Calculate the highest common factor of 2204 and 290.
58
Calculate the greatest common divisor of 1813 and 539.
49
What is the greatest common divisor of 13 and 7?
1
Calculate the highest common factor of 5832 and 504.
72
What is the highest common factor of 30 and 2805?
15
What is the greatest common divisor of 38 and 11666?
38
What is the greatest common factor of 1998 and 592?
74
What is the greatest common divisor of 10875 and 87?
87
Calculate the greatest common factor of 11 and 1969.
11
What is the highest common divisor of 160 and 10?
10
What is the highest common factor of 279 and 24?
3
What is the highest common factor of 3933 and 513?
171
What is the greatest common divisor of 2159 and 17?
17
What is the greatest common factor of 458 and 12?
2
Calculate the highest common factor of 68 and 918.
34
Calculate the highest common factor of 944 and 32.
16
What is the greatest common factor of 26 and 59098?
26
Calculate the highest common factor of 14 and 2702.
14
What is the greatest common divisor of 90 and 36?
18
What is the greatest common factor of 8 and 478?
2
What is the highest common divisor of 2724 and 24?
12
Calculate the highest common factor of 74 and 9250.
74
Calculate the greatest common factor of 64 and 544.
32
What is the greatest common factor of 440 and 704?
88
What is the greatest common divisor of 15 and 1200?
15
What is the highest common divisor of 64 and 160?
32
Calculate the greatest common factor of 5389 and 34.
17
What is the highest common factor of 49 and 1323?
49
What is the greatest common divisor of 6645 and 120?
15
Calculate the highest common factor of 91 and 130.
13
What is the highest common factor of 666 and 162?
18
Calculate the greatest common factor of 105 and 1743.
21
Calculate the greatest common factor of 6107 and 31.
31
Calculate the highest common factor of 1269 and 47.
47
What is the highest common divisor of 540 and 240?
60
Calculate the highest common divisor of 222 and 5846.
74
What is the 